.
3, 673
What are the prime factors of 2675?
5, 107
List the prime factors of 16859.
23, 733
What are the prime factors of 88844?
2, 7, 19, 167
What are the prime factors of 828?
2, 3, 23
List the prime factors of 1475.
5, 59
What are the prime factors of 54577?
54577
What are the prime factors of 1296?
2, 3
What are the prime factors of 626?
2, 313
What are the prime factors of 161068?
2, 67, 601
List the prime factors of 12768.
2, 3, 7, 19
What are the prime factors of 17037?
3, 631
List the prime factors of 4663.
4663
List the prime factors of 22313.
53, 421
List the prime factors of 17999.
41, 439
What are the prime factors of 33499?
139, 241
List the prime factors of 72196.
2, 18049
List the prime factors of 6268.
2, 1567
List the prime factors of 306.
2, 3, 17
List the prime factors of 81654.
2, 3, 31, 439
List the prime factors of 4891.
67, 73
List the prime factors of 7359.
3, 11, 223
What are the prime factors of 97538?
2, 7, 6967
List the prime factors of 35901.
3, 3989
What are the prime factors of 3875?
5, 31
What are the prime factors of 143400?
2, 3, 5, 239
What are the prime factors of 104532?
2, 3, 31, 281
What are the prime factors of 618?
2, 3, 103
List the prime factors of 2148.
2, 3, 179
What are the prime factors of 14408?
2, 1801
What are the prime factors of 4852?
2, 1213
What are the prime factors of 47418?
2, 3, 7, 1129
What are the prime factors of 13073?
17, 769
What are the prime factors of 5702?
2, 2851
What are the prime factors of 165947?
165947
What are the prime factors of 22251?
3, 7417
What are the prime factors of 208?
2, 13
What are the prime factors of 19717?
19717
What are the prime factors of 725?
5, 29
List the prime factors of 5440.
2, 5, 17
What are the prime factors of 3085?
5, 617
What are the prime factors of 804?
2, 3, 67
What are the prime factors of 5092?
2, 19, 67
List the prime factors of 104462.
2, 19, 2749
What are the prime factors of 67132?
2, 13, 1291
List the prime factors of 16537.
23, 719
List the prime factors of 180.
2, 3, 5
List the prime factors of 52950.
2, 3, 5, 353
List the prime factors of 103696.
2, 6481
What are the prime factors of 18129?
3, 6043
What are the prime factors of 684?
2, 3, 19
List the prime factors of 2420.
2, 5, 11
What are the prime factors of 784?
2, 7
What are the prime factors of 5124?
2, 3, 7, 61
What are the prime factors of 4214?
2, 7, 43
What are the prime factors of 544?
2, 17
What are the prime factors of 2858?
2, 1429
List the prime factors of 14976.
2, 3, 13
What are the prime factors of 168971?
11, 15361
List the prime factors of 1491.
3, 7, 71
What are the prime factors of 21489?
3, 13, 19, 29
List the prime factors of 2211.
3, 11, 67
What are the prime factors of 40027?
13, 3079
List the prime factors of 5957.
7, 23, 37
List the prime factors of 1578.
2, 3, 263
What are the prime factors of 6606?
2, 3, 367
What are the prime factors of 2846?
2, 1423
List the prime factors of 30032.
2, 1877
What are the prime factors of 325?
5, 13
List the prime factors of 1015.
5, 7, 29
What are the prime factors of 2602?
2, 1301
List the prime factors of 2902.
2, 1451
What are the prime factors of 2852?
2, 23, 31
List the prime factors of 4819.
61, 79
List the prime factors of 639.
3, 71
List the prime factors of 1020.
2, 3, 5, 17
What are the prime factors of 85150?
2, 5, 13, 131
What are the prime factors of 1238?
2, 619
What are the prime factors of 18536?
2, 7, 331
List the prime factors of 95237.
131, 727
What are the prime factors of 1905?
3, 5, 127
What are the prime factors of 860?
2, 5, 43
List the prime factors of 2971.
2971
List the prime factors of 20623.
41, 503
What are the prime factors of 121?
11
What are the prime factors of 19137?
3, 6379
What are the prime factors of 2081?
2081
What are the prime factors of 2726?
2, 29, 47
What are the prime factors of 1209?
3, 13, 31
What are the prime factors of 3134?
2, 1567
List the prime factors of 2483.
13, 191
What are the prime factors of 5945?
5, 29, 41
List the prime factors of 119544.
2, 3, 17, 293
What are the prime factors of 1179?
3, 131
List the prime factors of 45422.
2, 13, 1747
What are the prime factors of 850?
2, 5, 17
List the prime factors of 66153.
3, 22051
List the prime factors of 1164.
2, 3, 97
List the prime factors of 195545.
5, 7, 37, 151
What are the prime factors of 41336?
2, 5167
What are the prime factors of 5388?
2, 3, 449
What are the prime factors of 701?
701
What are the prime factors of 6408?
2, 3, 89
List the prime factors of 362.
2, 181
List the prime factors of 23538.
2, 3, 3923
List the prime factors of 157312.
2, 1229
List the prime factors of 13554.
2, 3, 251
List the prime factors of 34332.
2, 3, 2861
What are the prime factors of 183038?
2, 71, 1289
What are the prime factors of 69986?
2, 7, 4999
What are the prime factors of 335?
5, 67
What are the prime factors of 21574?
2, 7, 23, 67
What are the prime factors of 39270?
2, 3, 5, 7, 11, 17
What are the prime factors of 125978?
2, 62989
What are the prime factors of 30852?
2, 3, 857
List the prime factors of 1796.
2, 449
List the prime factors of 1445.
5, 17
List the prime factors of 746.
2, 373
List the prime factors of 3780.
2, 3, 5, 7
List the prime factors of 8604.
2, 3, 239
List the prime factors of 761.
761
What are the prime factors of 495?
3, 5, 11
List the prime factors of 7534.
2, 3767
List the prime factors of 941.
941
What are the prime factors of 17212?
2, 13, 331
What are the prime factors of 59908?
2, 17, 881
List the prime factors of 422.
2, 211
What are the prime factors of 4787?
4787
What are the prime factors of 45205?
5, 9041
List the prime factors of 170.
2, 5, 17
What are the prime factors of 112469?
7, 16067
List the prime factors of 1802.
2, 17, 53
What are the prime factors of 2622?
2, 3, 19, 23
What are the prime factors of 10113?
3, 3371
What are the prime factors of 69?
3, 23
List the prime factors of 718.
2, 359
What are the prime factors of 10638?
2, 3, 197
List the prime factors of 3691.
3691
List the prime factors of 36225.
3, 5, 7, 23
What are the prime factors of 1502?
2, 751
List the prime factors of 1792.
2, 7
List the prime factors of 46119.
3, 15373
List the prime factors of 45384.
2, 3, 31, 61
What are the prime factors of 2455?
5, 491
What are the prime factors of 3010?
2, 5, 7, 43
List the prime factors of 748.
2, 11, 17
List the prime factors of 1623.
3, 541
List the prime factors of 2997.
3, 37
List the prime factors of 9347.
13, 719
List the prime factors of 5089.
7, 727
List the prime factors of 1855.
5, 7, 53
List the prime factors of 985.
5, 197
List the prime factors of 4944.
2, 3, 103
What are the prime factors of 1429?
1429
List the prime factors of 76463.
76463
What are the prime factors of 5884?
2, 1471
List the prime factors of 2935.
5, 587
What are the prime factors of 8335?
5, 1667
List the prime factors of 2291.
29, 79
What are the prime factors of 24937?
11, 2267
List the prime factors of 12766.
2, 13, 491
List the prime factors of 694.
2, 347
List the prime factors of 3125.
5
What are the prime factors of 2529?
3, 281
What are the prime factors of 11582?
2, 5791
What are the prime factors of 2151?
3, 239
List the prime factors of 1491.
3, 7, 71
What are the prime factors of 102647?
102647
List the prime factors of 8473.
37, 229
List the prime factors of 33074.
2, 23, 719
What are the prime factors of 1370?
2, 5, 137
What are the prime factors of 12073?
12073
List the prime factors of 5883.
3, 37, 53
What are the prime factors of 6600?
2, 3, 5, 11
What are the prime factors of 507?
3, 13
List the prime factors of 40386.
2, 3, 53, 127
List the prime factors of 4849.
13, 373
What are the prime factors of 29599?
29599
List the prime factors of 1539.
3, 19
List the prime factors of 1464.
2, 3, 61
List the prime factors of 713.
23, 31
List the prime factors of 312.
2, 3, 13
What are the prime factors of 83715?
3, 5, 5581
List the prime factors of 73939.
73939
What are the prime factors of 3907?
3907
List the prime factors of 392.
2, 7
What are the prime factors of 6909?
3, 7, 47
What are the prime factors of 21710?
2, 5, 13, 167
List the prime factors of 682.
2, 11, 31
What are the prime factors of 12749?
11, 19, 61
What are the prime factors of 19430?
2, 5,